{"id":323,"date":"2013-07-17T07:43:49","date_gmt":"2013-07-17T07:43:49","guid":{"rendered":"http:\/\/dev.artin2ition.com\/30\/?page_id=323"},"modified":"2026-02-26T00:39:57","modified_gmt":"2026-02-25T22:39:57","slug":"diseno-web","status":"publish","type":"page","link":"https:\/\/webpractico.com\/web\/index.php\/diseno-web\/","title":{"rendered":"Dise\u00f1o Web"},"content":{"rendered":"\n<p>El dise\u00f1o de p\u00e1ginas web es la\u00a0<strong>construcci\u00f3n de documentos de hipertexto para su visualizaci\u00f3n en diferentes navegadores<\/strong>. As\u00ed como asignarle una presentaci\u00f3n para diferentes dispositivos de salida (en una pantalla de computador, en papel, en un tel\u00e9fono m\u00f3vil, etc).<\/p>\n\n\n\n<p>El prop\u00f3sito de Web Pr\u00e1ctico es desarrollar un sitio web \u00fanico para cada empresa u organizaci\u00f3n tratando de matizar y relacionar a una organizaci\u00f3n con sus colores y lo que ofrece. No siempre es f\u00e1cil cubrir estos elementos pero es el desaf\u00edo que tratamos de completar con cada sitio web que dise\u00f1amos<\/p>\n","protected":false},"excerpt":{"rendered":"<p>El dise\u00f1o de p\u00e1ginas web es la\u00a0construcci\u00f3n de documentos de hipertexto para su visualizaci\u00f3n en diferentes navegadores. As\u00ed como asignarle&hellip;<\/p>\n","protected":false},"author":1,"featured_media":0,"parent":0,"menu_order":0,"comment_status":"closed","ping_status":"closed","template":"","meta":{"_monsterinsights_skip_tracking":false,"_monsterinsights_sitenote_active":false,"_monsterinsights_sitenote_note":"","_monsterinsights_sitenote_category":0,"_uf_show_specific_survey":0,"_uf_disable_surveys":false,"footnotes":""},"class_list":["post-323","page","type-page","status-publish","hentry"],"aioseo_notices":[],"_links":{"self":[{"href":"https:\/\/webpractico.com\/web\/index.php\/wp-json\/wp\/v2\/pages\/323","targetHints":{"allow":["GET"]}}],"collection":[{"href":"https:\/\/webpractico.com\/web\/index.php\/wp-json\/wp\/v2\/pages"}],"about":[{"href":"https:\/\/webpractico.com\/web\/index.php\/wp-json\/wp\/v2\/types\/page"}],"author":[{"embeddable":true,"href":"https:\/\/webpractico.com\/web\/index.php\/wp-json\/wp\/v2\/users\/1"}],"replies":[{"embeddable":true,"href":"https:\/\/webpractico.com\/web\/index.php\/wp-json\/wp\/v2\/comments?post=323"}],"version-history":[{"count":1,"href":"https:\/\/webpractico.com\/web\/index.php\/wp-json\/wp\/v2\/pages\/323\/revisions"}],"predecessor-version":[{"id":2002,"href":"https:\/\/webpractico.com\/web\/index.php\/wp-json\/wp\/v2\/pages\/323\/revisions\/2002"}],"wp:attachment":[{"href":"https:\/\/webpractico.com\/web\/index.php\/wp-json\/wp\/v2\/media?parent=323"}],"curies":[{"name":"wp","href":"https:\/\/api.w.org\/{rel}","templated":true}]}}