{"id":1461,"date":"2013-07-01T19:03:59","date_gmt":"2013-07-01T19:03:59","guid":{"rendered":"http:\/\/dev.artin2ition.com\/30\/?page_id=1461"},"modified":"2013-07-01T19:03:59","modified_gmt":"2013-07-01T19:03:59","slug":"seo","status":"publish","type":"page","link":"https:\/\/webpractico.com\/web\/index.php\/seo\/","title":{"rendered":"SEO"},"content":{"rendered":"<h2>\u00bfQu\u00e9 son los Resultados de B\u00fasqueda Org\u00e1nicos o en ingl\u00e9s Organic Search Results SEO?<\/h2>\n<p style=\"text-align: justify;\">Los resultados de b\u00fasqueda org\u00e1nicos (SEO) son los resultado que un motor de b\u00fasqueda en internet como Google, Yahoo, Aleksa, etc., entrega basado en su software o algoritmo que decide lo que es relevante al t\u00e9rmino que se est\u00e1 buscando en internet. The list of websites are displayed in order of relevance (and a few other small weighted factors). Search providers such as Google, Bing, Yahoo and others constantly refine and change the criteria that makes up their algorithms and so in turn companies and so called\u00a0SEO\u00a0(search engine optimisation) specialists are very often fumbling in the dark. Happily however, the basics of what search engines like and what they don\u2019t like remain quite constant and so with experience we get to learn the basics of playing the results game with the search engines. Our\u00a0<a title=\"An example of how I can optimise your website\" href=\"http:\/\/www.google-wizard.co.uk\/an-example-of-getting-to-the-top-of-search-results\/\">web design<\/a>\u00a0is\u00a0SEO\u00a0friendly straight out of the box.<\/p>\n<h2>Why do I need SEO? I\u2019ve paid a web designer a lot of money to design my website!<\/h2>\n<p>Web designers are often just graphic designers! Don\u2019t get me wrong, I can design a website that will get you to the top of the results but it wont be the prettiest website as i\u2019m no graphic design specialist. Graphic Designers know how to design a website that looks pretty but from my experience very few know how to make the search engines \u201clike\u201d the new website. Adrian Newey has designed some of the most successful cars in F1 racing for Mclaren and now Red Bull racing, put my Gran in one however and it wont win races, The cars he builds are the best in the world but they need a talented driver to get them across the finish line in 1st place. Happily for me and you\u00a0<a title=\"Website design \u2013 Less is more\" href=\"http:\/\/www.google-wizard.co.uk\/2011\/11\/website-design-less-is-more\/\">website design<\/a>\u00a0has shifted over the past couple of years. I design CMS (Content management system) type sites like the one you are viewing now. The flashy type of website favoured by graphic designers are now less common as they aren\u2019t terribly search engine friendly (See this article\u00a0<a title=\"Website design \u2013 Less is more\" href=\"http:\/\/www.google-wizard.co.uk\/2011\/11\/website-design-less-is-more\/\">less is more<\/a>for further information) All websites however regardless of if they are CMS based or designed by a graphic designer on a design program such as Dreamweaver can all benefit from SEO.<\/p>\n<h2>Ok, well I\u2019ve already had a website designed so what do I do next?<\/h2>\n<p>Well what I would always suggest is to start with a simple list. Take a look at your product or service that you are promoting on your website. Write down your products starting with the main ones, For instance \u201cwidgets\u201d then write down the area in which you wish to sell your products, for instance\u00a0Wigan\u00a0or\u00a0St Helens, are you a small company that only covers a small geographical area or do you supply products to the whole world? Next, write down the benefits to your products and company for instance \u201cSmallest Widget\u201d, \u201cNext Day Delivery\u201d \u201cCheapest Widget\u201d. What you have just created is a keyword list. \u00a0A list of words that when they appear together in a search query ( key phrase) should trigger the search engine to consider your website in the results that are displayed. \u00a0Now comes the tricky part and that is, competing with all the other websites that want a bite of the cherry. This is where I come in. There are methods being used by high pressure SEO companies to cheat their way to the front page. I can assure you that search engines aren\u2019t stupid. Don\u2019t entrust your business website to someone who promises you first place within a week. Search Engines have software known as spiders that crawl websites. This software is highly developed and pretty much knows every trick in the book. A popular scam used to be to hide hundreds of keywords on a page by using white text on a white background. Such a practice is frowned upon by search engines and will more than likely see your website demoted right down the results list for abuse. Another mistake made by website owners and SEO \u201cspecialists\u201d is to get as many links as possible. Too many links on sites known as link farms and you\u2019ll hurt your rank again. If you don\u2019t know what the search engines look at when they see a\u00a0<a title=\"Contextual Links \u2013 What are they?\" href=\"http:\/\/www.google-wizard.co.uk\/2012\/02\/contextual-links-seo-merseyside\/\">link to your website<\/a>\u00a0then you may as well not bother getting the link in the first place. You have to remember what Google\u2122 aims to deliver and that is quite simply \u201crelevant results\u201d. Remember this when doing any on site or off site\u00a0<a title=\"Website SEO for Local Businesses\" href=\"http:\/\/www.google-wizard.co.uk\/2012\/03\/website-seo-for-local-businesses\/\">SEO<\/a>work and you wont go far wrong. Your website needs designing so to have the right keyword density, easy to understand URLs , clear navigation, accurate meta descriptions, relevant content, correctly formatted images, quality links and much more. The more you get this right, the higher the search engines will \u201crank\u201d your website. The more you get it wrong and your rank will be lowered. You have a few choices here. You can either<\/p>\n<ol>\n<li>Stick your fingers in your ears and repeat la, la, la, and miss out on what the internet can bring to your business<\/li>\n<li>Devote your time to\u00a0<a title=\"The importance of ongoing SEO\" href=\"http:\/\/www.google-wizard.co.uk\/2012\/01\/website-seo-sthelens\/\">learning about SEO<\/a>\u00a0and get someone in to run your business whilst you develop your websites visibility<\/li>\n<li>Employ the services of someone who has years of trial and error experience in producing organic results and getting your website to rank on page one of the search results.<\/li>\n<\/ol>\n<h2>So why should I use you to SEO or design my website?<\/h2>\n<p>No reason really! You don\u2019t know the first thing about me, I might be a complete fraud sat in the sun somewhere on a laptop. Equally so, you don\u2019t know the person who phoned you last week with a cheeky voice from an unknown office somewhere promising to get your website to page one of the search results. The difference between us is that I will come and meet you at your place of work or home (assuming of course that you are in the North West). I\u2019ll talk through your requirements with you and discuss how we will achieve results. If you aren\u2019t in the North West UK I\u2019m still happy to discuss how I can help you with a new\u00a0<a title=\"Websites for Local Business\" href=\"http:\/\/www.google-wizard.co.uk\/2012\/02\/websites-for-local-business\/\">web design<\/a>or SEO services and we can communicate by phone, email or Skype. I\u2019m not part of a huge company, There\u2019s just me.\u00a0SEO\u00a0andWebsite Design\u00a0is something I\u2019ve learned whist running businesses for years in other sectors. I retired aged 40, I took a couple of years off and then the boredom set in. A friend asked me to take a look at his website to see if I could improve its performance any. I was glad to have something to do to be honest, He was so pleased he told a couple of friends about the results. I now have a handful of clients who each pay a modest fee and I run their SEO, I update their website content, monitor the competition and ensure that they maintain a first page position and do another few tricks that I\u2019ve learned that I wont disclose here in case their competitors get wind of it and copy it! I\u2019m based in\u00a0St Helens,\u00a0Merseyside and so can easily come to see you at your place of work in St Helens, Wigan, Warrington and Widnes. You can search Google (as you perhaps did to find me) and see for yourself that I rank on page one. Search for \u201c<a href=\"http:\/\/www.google.co.uk\/#hl=en&amp;sclient=psy-ab&amp;q=website+seo+merseyside&amp;oq=website+seo+merseyside&amp;aq=f&amp;aqi=&amp;aql=&amp;gs_l=hp.3...883l8782l0l8950l32l27l4l1l1l6l925l5707l8j8j1j1j3j2j1l31l0.frgbld.&amp;pbx=1&amp;bav=on.2,or.r_gc.r_pw.r_qf.,cf.osb&amp;fp=502d54a2aa8b8ba3&amp;biw=1280&amp;bih=615\" target=\"_blank\" rel=\"noopener noreferrer\">Website SEO Merseyside<\/a>\u201d and see where I am in the search results. A few of my clients wish to remain anonymous for obvious reasons however a couple have kindly allowed me to use their websites as examples. I can provide more examples by email but my clients prefer for me not to publish them online. I can\u2019t disclose all the Website SEO techniques that I use in the interests of client confidentiality or all of the keywords. Read my other Web pages that cover some\u00a0<a title=\"A case study of getting on the first page of search results\" href=\"http:\/\/www.google-wizard.co.uk\/an-example-of-getting-to-the-top-of-search-results\/\">SEO case studies<\/a>\u00a0about how I have helped company\u00a0websites\u00a0to get to the top of the search results\u00a0in\u00a0St Helens, Wigan Merseyside , Cheshire and Manchester. Click here to see how\u00a0SEO\u00a0can\u00a0<a title=\"An example of what I can do for your website\" href=\"http:\/\/www.google-wizard.co.uk\/an-example-of-getting-to-the-top-of-search-results\/\">help your website get to the top of the search results<\/a><\/p>\n","protected":false},"excerpt":{"rendered":"<p>\u00bfQu\u00e9 son los Resultados de B\u00fasqueda Org\u00e1nicos o en ingl\u00e9s Organic Search Results SEO? Los resultados de b\u00fasqueda org\u00e1nicos (SEO)&hellip;<\/p>\n","protected":false},"author":1,"featured_media":0,"parent":0,"menu_order":0,"comment_status":"open","ping_status":"closed","template":"page.php","meta":{"om_disable_all_campaigns":false,"_monsterinsights_skip_tracking":false,"_monsterinsights_sitenote_active":false,"_monsterinsights_sitenote_note":"","_monsterinsights_sitenote_category":0,"_uf_show_specific_survey":0,"_uf_disable_surveys":false,"footnotes":""},"class_list":["post-1461","page","type-page","status-publish","hentry"],"aioseo_notices":[],"_links":{"self":[{"href":"https:\/\/webpractico.com\/web\/index.php\/wp-json\/wp\/v2\/pages\/1461","targetHints":{"allow":["GET"]}}],"collection":[{"href":"https:\/\/webpractico.com\/web\/index.php\/wp-json\/wp\/v2\/pages"}],"about":[{"href":"https:\/\/webpractico.com\/web\/index.php\/wp-json\/wp\/v2\/types\/page"}],"author":[{"embeddable":true,"href":"https:\/\/webpractico.com\/web\/index.php\/wp-json\/wp\/v2\/users\/1"}],"replies":[{"embeddable":true,"href":"https:\/\/webpractico.com\/web\/index.php\/wp-json\/wp\/v2\/comments?post=1461"}],"version-history":[{"count":0,"href":"https:\/\/webpractico.com\/web\/index.php\/wp-json\/wp\/v2\/pages\/1461\/revisions"}],"wp:attachment":[{"href":"https:\/\/webpractico.com\/web\/index.php\/wp-json\/wp\/v2\/media?parent=1461"}],"curies":[{"name":"wp","href":"https:\/\/api.w.org\/{rel}","templated":true}]}}